7, 30 = i + 2*f. Calculate the highest common factor of i and d.
12
Suppose 0 = 2*k + 4*p - 56, 5*k + 12 = 5*p + 167. Calculate the greatest common divisor of k and 70.
10
Let g = 623 + -619. What is the greatest common factor of 22 and g?
2
Let b be (-10)/(-35) + (-2664)/14. Let h be (-1)/2*1*b. Suppose 6 = 4*i - 146. Calculate the greatest common divisor of h and i.
19
Let i = -30 + 68. Let t = -12 + 12. Let o be (114 - t)/(-2)*(-132)/99. Calculate the greatest common factor of o and i.
38
Let y = -68 + 138. Suppose -3*i - y = -730. What is the highest common divisor of i and 20?
20
Let y = -45 + 41. Let z = y + 28. Calculate the highest common factor of 12 and z.
12
Suppose -3*t = -0*t - 5*k - 36, -15 = -5*k. Let b be (1 - 2)*(-306)/t. What is the highest common factor of 45 and b?
9
Let j = 15 + 0. Let b = 32 - j. Let l = -8 + b. Calculate the highest common divisor of 1 and l.
1
Let f(i) = -i**3 + 3*i**2 + 3*i + 13. Let j be f(4). What is the highest common factor of 126 and j?
9
Let v be -5 + 20/5 - -5. Suppose p + v = 0, 0*x - 52 = -x + 4*p. Calculate the highest common factor of 90 and x.
18
Let a(j) = -j**2 - 38*j + 8. Let n be a(-37). Calculate the greatest common divisor of n and 120.
15
Suppose 6*z - z + 4*h = 131, 3*z - 5*h - 86 = 0. Calculate the highest common divisor of 27 and z.
27
Suppose -4*f + 0 + 8 = 0. Suppose j = 2*w - 262, -w + f*j - 637 = -6*w. What is the greatest common factor of 86 and w?
43
Let u(d) = d**3 - 4*d**2 + 4*d + 1. Let m be u(3). Let v(k) = 6*k - 5. Let b be v(m). Suppose 2*z + b - 47 = 0. What is the greatest common factor of 56 and z?
14
Let k = 1383 - 1319. Calculate the greatest common factor of 144 and k.
16
Let l = 52 + 0. Let b be (-12 - (2 + 2)/4)*-1. Suppose g = -4*z + z + b, -4*g - z = -l. What is the greatest common factor of 91 and g?
13
Suppose -4*d + 10*r - 11*r - 24 = 0, -d + 2*r - 6 = 0. Let v be -15*((-2)/d + -1). Calculate the greatest common factor of v and 50.
10
Let g(u) = u**2 - 11*u. Let m be g(10). Let d = m - -15. Suppose -d*s + 70 = -0*s. Calculate the highest common factor of s and 14.
14
Let y be 4*(-9)/(-42) - 6500/(-175). Suppose 228 = 6*c - 2*c. Calculate the highest common factor of c and y.
19
Suppose 0 = 5*m - 1271 - 2464. What is the greatest common divisor of m and 83?
83
Let x(o) = 21*o - 8. Let m be x(4). Calculate the greatest common factor of 114 and m.
38
Let y = -1703 + 1963. What is the highest common factor of 100 and y?
20
Suppose 1396 - 136 = 42*g. What is the greatest common factor of g and 15?
15
Let j be (-595)/(-25) - 1/(-5). Let r(l) = 4*l**2 + 27*l + 5. Let f be r(-11). What is the highest common divisor of f and j?
24
Suppose -11 - 4 = -3*y. Suppose 0 = 4*q - 3*j - 351, q + 59 = 2*q + y*j. Let u be 45/(-18) - 66/(-4). What is the highest common divisor of q and u?
14
Suppose -8*s = 9 - 57. Suppose 21 = s*l - 5*l. Calculate the highest common factor of 147 and l.
21
Suppose 3*z - 9 - 9 = 0. Let b(i) = -39*i + 1. Let c be b(-1). Let l be ((-6)/(-4))/(z/c). Calculate the greatest common divisor of l and 20.
10
Let d = 5 + 51. Suppose p = 5*a + 24, -85 = -3*p - a - 45. What is the greatest common factor of d and p?
14
Let p(i) = 2*i + 16. Let n be p(0). Let g(c) = -12*c - 4. Let v be g(-7). Calculate the greatest common divisor of n and v.
16
Suppose 19 + 149 = 2*d. Let p be d/(-56)*2/(-3). What is the highest common divisor of 3 and p?
1
Let l(a) = 34*a + 1668. Let q be l(-49). Suppose 2 = h + 1. Let d be 22/(h/1 - 0). What is the highest common divisor of q and d?
2
Suppose 54186 = -81*u + 146040. What is the highest common divisor of u and 42?
42
Suppose 5600 = 179*i - 165*i. Calculate the greatest common factor of 240 and i.
80
Suppose -36*t + 50394 = -26466. Calculate the greatest common divisor of t and 35.
35
Let i be 32/1 - (-4)/1. Calculate the greatest common divisor of 180 and i.
36
Let t be (-2)/23 + (-18060)/(-322). Calculate the highest common divisor of t and 64.
8
Suppose 125*i = 4277 + 1348. What is the greatest common factor of 90 and i?
45
Suppose -5*x + 4 + 91 = 0. Let t = -6 - -8. Let p be -2 + (t - (-58 + 1)). Calculate the highest common factor of x and p.
19
Let s = -544 - -584. Calculate the highest common factor of 8 and s.
8
Let p be ((-9)/(-2))/(1/4). Let a(s) = -4*s + 0*s**3 - 5 - 12*s**2 + s**3 + 8*s**2 + 2. Let b be a(5). Calculate the highest common factor of p and b.
2
Suppose -9*l + 493 + 47 = 0. Suppose 16*p - 13*p - l = 0. Calculate the greatest common divisor of p and 4.
4
Let c = 342 + -182. Let d(x) = -x**3 - 8*x**2 + 3*x + 10. Let a be d(-9). What is the highest common divisor of a and c?
32
Let a(m) = m**3 - 15*m**2 - 15*m - 16. Let p be a(16). Suppose p = -n + 5*n - 76. Suppose 0 = 3*f - 150 - 78. What is the highest common factor of f and n?
19
Let f be 2 - -1 - (-36 + 33). Suppose 0 = 4*v - 4, -2*v + 2 = -4*z. Let c be 0 + z + 0 - -3. Calculate the highest common factor of f and c.
3
Let w = 329 - -63. Calculate the highest common factor of 49 and w.
49
Let p = 7 + -4. Let b(s) = 5*s**3 - s**2 + 3*s + 1. Let z be b(p). Calculate the highest common factor of 8 and z.
8
Suppose 14*b - 9020 = -30*b. Calculate the greatest common divisor of b and 82.
41
Let v = -21 - -12. Let j(t) be the third derivative of -t**6/120 - 3*t**5/20 + 3*t**3 - t**2. Let z be j(v). What is the greatest common divisor of 162 and z?
18
Let v = -46 - -49. Suppose l + l + o = 41, -v*o = 2*l - 47. Let m = 125 + -49. Calculate the highest common divisor of m and l.
19
Suppose 3*t - 6 = -5*n + 11, 4*t - 76 = 4*n. Let u = t - 51. Let f = u + 52. What is the highest common divisor of f and 6?
3
Suppose h = 5*q - 80, 4*q - 5*h - 29 - 35 = 0. Let b be ((-6)/(-8))/(4/16). Suppose -2*p + 120 = b*p. Calculate the highest common divisor of p and q.
8
Suppose -207 = 23*b - 4117. Suppose -136 = -5*l + l. What is the highest common factor of b and l?
34
Let l = 330 - 192. What is the highest common factor of l and 18?
6
Let y be ((-110)/40)/(0 - 2/8). Calculate the greatest common factor of y and 1.
1
Let k be (9 - 3)*2 + (-2)/(-1). Suppose -4*o + 269 - 45 = 0. Calculate the greatest common divisor of o and k.
14
Let k = -1312 - -1342. What is the greatest common divisor of 33 and k?
3
Let u(y) = -76*y - 7. Let o be 240/56 + -7 - (-2)/(-7). Let k be u(o). What is the highest common divisor of 17 and k?
17
Suppose 5*h + 22 = 2*w + 2, w - 5*h = 20. Suppose -6*g + 5*g + 17 = w. What is the highest common factor of 51 and g?
17
Let q be (-9 + (-1638)/(-30))/(4/30). What is the highest common divisor of 18 and q?
18
Let k be (-185)/65 + (-10)/65 + 300. Calculate the highest common factor of k and 11.
11
Let w = 4 + -2. Let p(c) = -5. Let v(r) = -r + 11. Let k(u) = -9*p(u) - 4*v(u). Let m be k(w). Calculate the greatest common factor of m and 45.
9
Let z(h) = h**2 + 24*h + 54. Let n be z(-22). Suppose 0 = 10*f - n - 20. Calculate the greatest common factor of 3 and f.
3
Suppose 2*i - 150 = -3*i. Let c(j) = -48*j - 3. Suppose 0 = a - 2*u - 5, 4*u + 6 + 10 = -4*a. Let z be c(a). Calculate the greatest common factor of i and z.
15
Let t = -506 - -523. Let v = 439 + -252. What is the highest common divisor of t and v?
17
Suppose 0 = -2*o + 47 - 15. Suppose 4*w - l - 253 = 0, 4*w - 265 = 4*l - 7*l. Calculate the highest common factor of w and o.
16
Let u be -4*(-7)/(84/9). Let b = -4 + 6. Suppose -f + u*l = -9 - 36, 3*f - b*l = 142. Calculate the greatest common factor of f and 16.
16
Suppose 9 = -4*x + 17. Suppose -4*y + 16 = 0, x*f + 5*y - 78 = -0*f. Calculate the greatest common factor of f and 203.
29
Let r(a) = 165*a - 284. Let k be r(2). Let h be (0 - -2)*138/4. Calculate the greatest common factor of h and k.
23
Let b be -5 + 710 + 9 - 4. What is the greatest common factor of b and 71?
71
Let y = -397 - -586. Calculate the greatest common factor of y and 63.
63
Suppose 16*f - 52 - 62 = 14. Let m = 6 - 3. Calculate the highest common factor of f and m.
1
Suppose -5*g + 276 = -17*g. Suppose 0 = -5*w - 2*b + 139 + 19, -5*w = -b - 161. Let y = w + g. What is the greatest common factor of 63 and y?
9
Suppose -2*h = 3*k - 170, 235 = 4*k - 6*h + 7*h. Let r be 2392/k - (-12)/90. What is the greatest common factor of 200 and r?
40
Let z be 4/(-7) + 10116/63. What 